{"id":6,"date":"2025-04-08T10:40:04","date_gmt":"2025-04-08T08:40:04","guid":{"rendered":"https:\/\/sauvegardemontsducantal.fr\/?page_id=6"},"modified":"2025-12-12T18:14:28","modified_gmt":"2025-12-12T17:14:28","slug":"accueil","status":"publish","type":"page","link":"https:\/\/sauvegardemontsducantal.fr\/","title":{"rendered":"Accueil"},"content":{"rendered":"\t\t<div data-elementor-type=\"wp-page\" data-elementor-id=\"6\" class=\"elementor elementor-6\">\n\t\t\t\t<div class=\"elementor-element elementor-element-9fb1efd e-flex e-con-boxed e-con e-parent\" data-id=\"9fb1efd\" data-element_type=\"container\">\n\t\t\t\t\t<div class=\"e-con-inner\">\n\t\t\t\t<div class=\"elementor-element elementor-element-44cc476 elementor-widget elementor-widget-text-editor\" data-id=\"44cc476\" data-element_type=\"widget\" data-widget_type=\"text-editor.default\">\n\t\t\t\t<div class=\"elementor-widget-container\">\n\t\t\t\t\t\t\t\t\t<p>\u00a0<\/p><p><em>Situ\u00e9 entre le Plomb du Cantal et la Vall\u00e9e de la Truy\u00e8re, le territoire du Pierrefortais se situe dans la partie m\u00e9ridionale du Cantal, \u00e0 la limite des d\u00e9partements du Cantal et de l&#8217;Aveyron. Une grande partie du territoire se trouve dans le Parc Naturel R\u00e9gional des Volcans d&#8217;Auvergne au sud.<\/em><\/p><p><em>\u00a0L&#8217;activit\u00e9 volcanique caract\u00e9rise cette r\u00e9gion.<\/em><\/p><p><i><br \/><\/i><em>Le Pierrefortais couvre les communes de Brezons, C\u00e9zens, Gourdi\u00e8ges, Lacapelle-Barr\u00e8s, Malbo, Narnhac, Paulhenc, Pierrefort, Sainte-Marie et \u00a0Saint-Martin-sous-Vigouroux.<\/em><\/p>\t\t\t\t\t\t\t\t<\/div>\n\t\t\t\t<\/div>\n\t\t\t\t<div class=\"elementor-element elementor-element-86559ac elementor-widget elementor-widget-spacer\" data-id=\"86559ac\" data-element_type=\"widget\" data-widget_type=\"spacer.default\">\n\t\t\t\t<div class=\"elementor-widget-container\">\n\t\t\t\t\t\t\t<div class=\"elementor-spacer\">\n\t\t\t<div class=\"elementor-spacer-inner\"><\/div>\n\t\t<\/div>\n\t\t\t\t\t\t<\/div>\n\t\t\t\t<\/div>\n\t\t\t\t\t<\/div>\n\t\t\t\t<\/div>\n\t\t<div class=\"elementor-element elementor-element-42c0064 e-flex e-con-boxed e-con e-parent\" data-id=\"42c0064\" data-element_type=\"container\">\n\t\t\t\t\t<div class=\"e-con-inner\">\n\t\t\t\t<div class=\"elementor-element elementor-element-39a9f12 elementor-widget elementor-widget-video\" data-id=\"39a9f12\" data-element_type=\"widget\" data-settings=\"{&quot;youtube_url&quot;:&quot;https:\\\/\\\/www.youtube.com\\\/watch?v=bRNynLUYXcQ&quot;,&quot;video_type&quot;:&quot;youtube&quot;,&quot;controls&quot;:&quot;yes&quot;}\" data-widget_type=\"video.default\">\n\t\t\t\t<div class=\"elementor-widget-container\">\n\t\t\t\t\t\t\t<div class=\"elementor-wrapper elementor-open-inline\">\n\t\t\t<div class=\"elementor-video\"><\/div>\t\t<\/div>\n\t\t\t\t\t\t<\/div>\n\t\t\t\t<\/div>\n\t\t\t\t\t<\/div>\n\t\t\t\t<\/div>\n\t\t<div class=\"elementor-element elementor-element-7b69c55 e-flex e-con-boxed e-con e-parent\" data-id=\"7b69c55\" data-element_type=\"container\">\n\t\t\t\t\t<div class=\"e-con-inner\">\n\t\t\t\t\t<\/div>\n\t\t\t\t<\/div>\n\t\t<div class=\"elementor-element elementor-element-11af379 e-flex e-con-boxed e-con e-parent\" data-id=\"11af379\" data-element_type=\"container\">\n\t\t\t\t\t<div class=\"e-con-inner\">\n\t\t\t\t<div class=\"elementor-element elementor-element-ccf9717 elementor-widget elementor-widget-heading\" data-id=\"ccf9717\" data-element_type=\"widget\" data-widget_type=\"heading.default\">\n\t\t\t\t<div class=\"elementor-widget-container\">\n\t\t\t\t\t<h2 class=\"elementor-heading-title elementor-size-default\">Trois jours d\u00e9di\u00e9s aux traditions pastorales !\n<br>\nA inscrire d\u00e8s aujourd'hui dans vos agendas 2026 :<i> les 15, 16 et 17 Mai !<\/i><\/h2>\t\t\t\t<\/div>\n\t\t\t\t<\/div>\n\t\t<div class=\"elementor-element elementor-element-0c5c2ac e-grid e-con-full e-con e-child\" data-id=\"0c5c2ac\" data-element_type=\"container\">\n\t\t\t\t<div class=\"elementor-element elementor-element-4423974 elementor-widget elementor-widget-text-editor\" data-id=\"4423974\" data-element_type=\"widget\" data-widget_type=\"text-editor.default\">\n\t\t\t\t<div class=\"elementor-widget-container\">\n\t\t\t\t\t\t\t\t\t<div>\u00a0<\/div><div><p>Pour la troisi\u00e8me ann\u00e9e cons\u00e9cutive, la F\u00eate du Pastoralisme, \u00e9dition 2025, a rassembl\u00e9 pr\u00e8s de 300 participants, habitants, \u00e9lus et curieux du territoire, lors d\u2019un week-end riche en traditions, en \u00e9changes et en \u00e9motion.<\/p><\/div><div>La pratique ancestrale de la\u00a0transhumance, v\u00e9ritable rituel agricole et identitaire, a une nouvelle fois rappel\u00e9 l\u2019importance du lien entre l\u2019homme, l\u2019animal et la montagne et mis en valeur le patrimoine paysager mais aussi les savoir-faire locaux.<br \/>La journ\u00e9e d\u2019ouverture a \u00e9t\u00e9 marqu\u00e9e par des conf\u00e9rences et d\u00e9bats, notamment le matin autour du Plan Pastoral Territorial, avec la participation d&#8217;Auvergne Estives.\u00a0<\/div><div>Une table ronde sur la d\u00e9carbonation en milieu rural, anim\u00e9e par l&#8217;association des shifters et la chambre d&#8217;agriculture du Cantal a \u00e9galement suscit\u00e9 un vif int\u00e9r\u00eat aupr\u00e8s du public et des agriculteurs pr\u00e9sents.<br \/>Les animations pr\u00e9vues \u2013 d\u00e9gustations, rencontres avec les \u00e9leveurs, d\u00e9monstration de chiens de troupeaux \u2013 ont rencontr\u00e9 un franc succ\u00e8s.\u00a0<\/div><div><p>A souligner la pr\u00e9sence du Parc Naturel R\u00e9gional des Volcans d\u2019Auvergne avec des animateurs r\u00e9pondant aux diff\u00e9rentes sollicitations.<\/p><\/div>\t\t\t\t\t\t\t\t<\/div>\n\t\t\t\t<\/div>\n\t\t\t\t<div class=\"elementor-element elementor-element-8dcf946 elementor-pagination-position-inside elementor-arrows-position-inside elementor-widget elementor-widget-image-carousel\" data-id=\"8dcf946\" data-element_type=\"widget\" data-settings=\"{&quot;slides_to_show&quot;:&quot;1&quot;,&quot;navigation&quot;:&quot;both&quot;,&quot;autoplay&quot;:&quot;yes&quot;,&quot;pause_on_hover&quot;:&quot;yes&quot;,&quot;pause_on_interaction&quot;:&quot;yes&quot;,&quot;autoplay_speed&quot;:5000,&quot;infinite&quot;:&quot;yes&quot;,&quot;effect&quot;:&quot;slide&quot;,&quot;speed&quot;:500}\" data-widget_type=\"image-carousel.default\">\n\t\t\t\t<div class=\"elementor-widget-container\">\n\t\t\t\t\t\t\t<div class=\"elementor-image-carousel-wrapper swiper\" role=\"region\" aria-roledescription=\"carousel\" aria-label=\"Carrousel d\u2019images\" dir=\"ltr\">\n\t\t\t<div class=\"elementor-image-carousel swiper-wrapper swiper-image-stretch\" aria-live=\"off\">\n\t\t\t\t\t\t\t\t<div class=\"swiper-slide\" role=\"group\" aria-roledescription=\"slide\" aria-label=\"1 sur 2\"><figure class=\"swiper-slide-inner\"><img decoding=\"async\" class=\"swiper-slide-image\" src=\"https:\/\/sauvegardemontsducantal.fr\/wp-content\/uploads\/2025\/06\/20250517_112245-scaled.jpg\" alt=\"20250517_112245\" \/><\/figure><\/div><div class=\"swiper-slide\" role=\"group\" aria-roledescription=\"slide\" aria-label=\"2 sur 2\"><figure class=\"swiper-slide-inner\"><img decoding=\"async\" class=\"swiper-slide-image\" src=\"https:\/\/sauvegardemontsducantal.fr\/wp-content\/uploads\/2025\/06\/20250518_124906-scaled.jpg\" alt=\"20250518_124906\" \/><\/figure><\/div>\t\t\t<\/div>\n\t\t\t\t\t\t\t\t\t\t\t\t<div class=\"elementor-swiper-button elementor-swiper-button-prev\" role=\"button\" tabindex=\"0\">\n\t\t\t\t\t\t<svg aria-hidden=\"true\" class=\"e-font-icon-svg e-eicon-chevron-left\" viewBox=\"0 0 1000 1000\" xmlns=\"http:\/\/www.w3.org\/2000\/svg\"><path d=\"M646 125C629 125 613 133 604 142L308 442C296 454 292 471 292 487 292 504 296 521 308 533L604 854C617 867 629 875 646 875 663 875 679 871 692 858 704 846 713 829 713 812 713 796 708 779 692 767L438 487 692 225C700 217 708 204 708 187 708 171 704 154 692 142 675 129 663 125 646 125Z\"><\/path><\/svg>\t\t\t\t\t<\/div>\n\t\t\t\t\t<div class=\"elementor-swiper-button elementor-swiper-button-next\" role=\"button\" tabindex=\"0\">\n\t\t\t\t\t\t<svg aria-hidden=\"true\" class=\"e-font-icon-svg e-eicon-chevron-right\" viewBox=\"0 0 1000 1000\" xmlns=\"http:\/\/www.w3.org\/2000\/svg\"><path d=\"M696 533C708 521 713 504 713 487 713 471 708 454 696 446L400 146C388 133 375 125 354 125 338 125 325 129 313 142 300 154 292 171 292 187 292 204 296 221 308 233L563 492 304 771C292 783 288 800 288 817 288 833 296 850 308 863 321 871 338 875 354 875 371 875 388 867 400 854L696 533Z\"><\/path><\/svg>\t\t\t\t\t<\/div>\n\t\t\t\t\n\t\t\t\t\t\t\t\t\t<div class=\"swiper-pagination\"><\/div>\n\t\t\t\t\t\t\t\t\t<\/div>\n\t\t\t\t\t\t<\/div>\n\t\t\t\t<\/div>\n\t\t\t\t<\/div>\n\t\t\t\t\t<\/div>\n\t\t\t\t<\/div>\n\t\t\t\t<\/div>\n\t\t","protected":false},"excerpt":{"rendered":"<p>\u00a0 Situ\u00e9 entre le Plomb du Cantal et la Vall\u00e9e de la Truy\u00e8re, le territoire du Pierrefortais se situe dans la partie m\u00e9ridionale du Cantal, \u00e0 la limite des d\u00e9partements du Cantal et de l&#8217;Aveyron. Une grande partie du territoire se trouve dans le Parc Naturel R\u00e9gional des Volcans d&#8217;Auvergne au sud. \u00a0L&#8217;activit\u00e9 volcanique caract\u00e9rise&#8230;<\/p>\n","protected":false},"author":1,"featured_media":0,"parent":0,"menu_order":0,"comment_status":"closed","ping_status":"closed","template":"","meta":{"give_campaign_id":0,"_kad_post_transparent":"","_kad_post_title":"hide","_kad_post_layout":"fullwidth","_kad_post_sidebar_id":"","_kad_post_content_style":"unboxed","_kad_post_vertical_padding":"hide","_kad_post_feature":"hide","_kad_post_feature_position":"","_kad_post_header":false,"_kad_post_footer":false,"footnotes":""},"class_list":["post-6","page","type-page","status-publish","hentry"],"campaignId":"","_links":{"self":[{"href":"https:\/\/sauvegardemontsducantal.fr\/index.php?rest_route=\/wp\/v2\/pages\/6","targetHints":{"allow":["GET"]}}],"collection":[{"href":"https:\/\/sauvegardemontsducantal.fr\/index.php?rest_route=\/wp\/v2\/pages"}],"about":[{"href":"https:\/\/sauvegardemontsducantal.fr\/index.php?rest_route=\/wp\/v2\/types\/page"}],"author":[{"embeddable":true,"href":"https:\/\/sauvegardemontsducantal.fr\/index.php?rest_route=\/wp\/v2\/users\/1"}],"replies":[{"embeddable":true,"href":"https:\/\/sauvegardemontsducantal.fr\/index.php?rest_route=%2Fwp%2Fv2%2Fcomments&post=6"}],"version-history":[{"count":95,"href":"https:\/\/sauvegardemontsducantal.fr\/index.php?rest_route=\/wp\/v2\/pages\/6\/revisions"}],"predecessor-version":[{"id":941,"href":"https:\/\/sauvegardemontsducantal.fr\/index.php?rest_route=\/wp\/v2\/pages\/6\/revisions\/941"}],"wp:attachment":[{"href":"https:\/\/sauvegardemontsducantal.fr\/index.php?rest_route=%2Fwp%2Fv2%2Fmedia&parent=6"}],"curies":[{"name":"wp","href":"https:\/\/api.w.org\/{rel}","templated":true}]}}

<div data-elementor-type="wp-page" data-elementor-id="6" class="elementor elementor-6">
				<div class="elementor-element elementor-element-9fb1efd e-flex e-con-boxed e-con e-parent" data-id="9fb1efd" data-element_type="container">
					<div class="e-con-inner">
				<div class="elementor-element elementor-element-44cc476 elementor-widget elementor-widget-text-editor" data-id="44cc476" data-element_type="widget" data-widget_type="text-editor.default">
				<div class="elementor-widget-container">
									<p> </p><p><em>Situé entre le Plomb du Cantal et la Vallée de la Truyère, le territoire du Pierrefortais se situe dans la partie méridionale du Cantal, à la limite des départements du Cantal et de l&#8217;Aveyron. Une grande partie du territoire se trouve dans le Parc Naturel Régional des Volcans d&#8217;Auvergne au sud.</em></p><p><em> L&#8217;activité volcanique caractérise cette région.</em></p><p><i><br /></i><em>Le Pierrefortais couvre les communes de Brezons, Cézens, Gourdièges, Lacapelle-Barrès, Malbo, Narnhac, Paulhenc, Pierrefort, Sainte-Marie et  Saint-Martin-sous-Vigouroux.</em></p>								</div>
				</div>
				<div class="elementor-element elementor-element-86559ac elementor-widget elementor-widget-spacer" data-id="86559ac" data-element_type="widget" data-widget_type="spacer.default">
				<div class="elementor-widget-container">
							<div class="elementor-spacer">
			<div class="elementor-spacer-inner"></div>
		</div>
						</div>
				</div>
					</div>
				</div>
		<div class="elementor-element elementor-element-42c0064 e-flex e-con-boxed e-con e-parent" data-id="42c0064" data-element_type="container">
					<div class="e-con-inner">
				<div class="elementor-element elementor-element-39a9f12 elementor-widget elementor-widget-video" data-id="39a9f12" data-element_type="widget" data-settings="{&quot;youtube_url&quot;:&quot;https:\/\/www.youtube.com\/watch?v=bRNynLUYXcQ&quot;,&quot;video_type&quot;:&quot;youtube&quot;,&quot;controls&quot;:&quot;yes&quot;}" data-widget_type="video.default">
				<div class="elementor-widget-container">
							<div class="elementor-wrapper elementor-open-inline">
			<div class="elementor-video"></div>		</div>
						</div>
				</div>
					</div>
				</div>
		<div class="elementor-element elementor-element-7b69c55 e-flex e-con-boxed e-con e-parent" data-id="7b69c55" data-element_type="container">
					<div class="e-con-inner">
					</div>
				</div>
		<div class="elementor-element elementor-element-11af379 e-flex e-con-boxed e-con e-parent" data-id="11af379" data-element_type="container">
					<div class="e-con-inner">
				<div class="elementor-element elementor-element-ccf9717 elementor-widget elementor-widget-heading" data-id="ccf9717" data-element_type="widget" data-widget_type="heading.default">
				<div class="elementor-widget-container">
					<h2 class="elementor-heading-title elementor-size-default">Trois jours dédiés aux traditions pastorales !
<br>
A inscrire dès aujourd'hui dans vos agendas 2026 :<i> les 15, 16 et 17 Mai !</i></h2>				</div>
				</div>
		<div class="elementor-element elementor-element-0c5c2ac e-grid e-con-full e-con e-child" data-id="0c5c2ac" data-element_type="container">
				<div class="elementor-element elementor-element-4423974 elementor-widget elementor-widget-text-editor" data-id="4423974" data-element_type="widget" data-widget_type="text-editor.default">
				<div class="elementor-widget-container">
									<div> </div><div><p>Pour la troisième année consécutive, la Fête du Pastoralisme, édition 2025, a rassemblé près de 300 participants, habitants, élus et curieux du territoire, lors d’un week-end riche en traditions, en échanges et en émotion.</p></div><div>La pratique ancestrale de la transhumance, véritable rituel agricole et identitaire, a une nouvelle fois rappelé l’importance du lien entre l’homme, l’animal et la montagne et mis en valeur le patrimoine paysager mais aussi les savoir-faire locaux.<br />La journée d’ouverture a été marquée par des conférences et débats, notamment le matin autour du Plan Pastoral Territorial, avec la participation d&#8217;Auvergne Estives. </div><div>Une table ronde sur la décarbonation en milieu rural, animée par l&#8217;association des shifters et la chambre d&#8217;agriculture du Cantal a également suscité un vif intérêt auprès du public et des agriculteurs présents.<br />Les animations prévues – dégustations, rencontres avec les éleveurs, démonstration de chiens de troupeaux – ont rencontré un franc succès. </div><div><p>A souligner la présence du Parc Naturel Régional des Volcans d’Auvergne avec des animateurs répondant aux différentes sollicitations.</p></div>								</div>
				</div>
				<div class="elementor-element elementor-element-8dcf946 elementor-pagination-position-inside elementor-arrows-position-inside elementor-widget elementor-widget-image-carousel" data-id="8dcf946" data-element_type="widget" data-settings="{&quot;slides_to_show&quot;:&quot;1&quot;,&quot;navigation&quot;:&quot;both&quot;,&quot;autoplay&quot;:&quot;yes&quot;,&quot;pause_on_hover&quot;:&quot;yes&quot;,&quot;pause_on_interaction&quot;:&quot;yes&quot;,&quot;autoplay_speed&quot;:5000,&quot;infinite&quot;:&quot;yes&quot;,&quot;effect&quot;:&quot;slide&quot;,&quot;speed&quot;:500}" data-widget_type="image-carousel.default">
				<div class="elementor-widget-container">
							<div class="elementor-image-carousel-wrapper swiper" role="region" aria-roledescription="carousel" aria-label="Carrousel d’images" dir="ltr">
			<div class="elementor-image-carousel swiper-wrapper swiper-image-stretch" aria-live="off">
								<div class="swiper-slide" role="group" aria-roledescription="slide" aria-label="1 sur 2"><figure class="swiper-slide-inner"><img decoding="async" class="swiper-slide-image" src="https://sauvegardemontsducantal.fr/wp-content/uploads/2025/06/20250517_112245-scaled.jpg" alt="20250517_112245" /></figure></div><div class="swiper-slide" role="group" aria-roledescription="slide" aria-label="2 sur 2"><figure class="swiper-slide-inner"><img decoding="async" class="swiper-slide-image" src="https://sauvegardemontsducantal.fr/wp-content/uploads/2025/06/20250518_124906-scaled.jpg" alt="20250518_124906" /></figure></div>			</div>
												<div class="elementor-swiper-button elementor-swiper-button-prev" role="button" tabindex="0">
						<svg aria-hidden="true" class="e-font-icon-svg e-eicon-chevron-left" viewBox="0 0 1000 1000" xmlns="http://www.w3.org/2000/svg"><path d="M646 125C629 125 613 133 604 142L308 442C296 454 292 471 292 487 292 504 296 521 308 533L604 854C617 867 629 875 646 875 663 875 679 871 692 858 704 846 713 829 713 812 713 796 708 779 692 767L438 487 692 225C700 217 708 204 708 187 708 171 704 154 692 142 675 129 663 125 646 125Z"></path></svg>					</div>
					<div class="elementor-swiper-button elementor-swiper-button-next" role="button" tabindex="0">
						<svg aria-hidden="true" class="e-font-icon-svg e-eicon-chevron-right" viewBox="0 0 1000 1000" xmlns="http://www.w3.org/2000/svg"><path d="M696 533C708 521 713 504 713 487 713 471 708 454 696 446L400 146C388 133 375 125 354 125 338 125 325 129 313 142 300 154 292 171 292 187 292 204 296 221 308 233L563 492 304 771C292 783 288 800 288 817 288 833 296 850 308 863 321 871 338 875 354 875 371 875 388 867 400 854L696 533Z"></path></svg>					</div>
				
									<div class="swiper-pagination"></div>
									</div>
						</div>
				</div>
				</div>
					</div>
				</div>
				</div>

<p>  Situé entre le Plomb du Cantal et la Vallée de la Truyère, le territoire du Pierrefortais se situe dans la partie méridionale du Cantal, à la limite des départements du Cantal et de l&#8217;Aveyron. Une grande partie du territoire se trouve dans le Parc Naturel Régional des Volcans d&#8217;Auvergne au sud.  L&#8217;activité volcanique caractérise&#8230;</p>
