{"id":27,"date":"2025-04-08T10:48:35","date_gmt":"2025-04-08T08:48:35","guid":{"rendered":"https:\/\/sauvegardemontsducantal.fr\/?page_id=27"},"modified":"2025-05-14T11:06:52","modified_gmt":"2025-05-14T09:06:52","slug":"devenir-entreprise-partenaire","status":"publish","type":"page","link":"https:\/\/sauvegardemontsducantal.fr\/?page_id=27","title":{"rendered":"Je suis entreprise partenaire"},"content":{"rendered":"\t\t<div data-elementor-type=\"wp-page\" data-elementor-id=\"27\" class=\"elementor elementor-27\">\n\t\t\t\t<div class=\"elementor-element elementor-element-9139b0e e-flex e-con-boxed e-con e-parent\" data-id=\"9139b0e\" data-element_type=\"container\">\n\t\t\t\t\t<div class=\"e-con-inner\">\n\t\t\t\t<div class=\"elementor-element elementor-element-6421a44 elementor-widget elementor-widget-video\" data-id=\"6421a44\" data-element_type=\"widget\" data-settings=\"{&quot;video_type&quot;:&quot;hosted&quot;,&quot;autoplay&quot;:&quot;yes&quot;,&quot;controls&quot;:&quot;yes&quot;}\" data-widget_type=\"video.default\">\n\t\t\t\t<div class=\"elementor-widget-container\">\n\t\t\t\t\t\t\t<div class=\"e-hosted-video elementor-wrapper elementor-open-inline\">\n\t\t\t\t\t<video class=\"elementor-video\" src=\"https:\/\/sauvegardemontsducantal.fr\/wp-content\/uploads\/2025\/04\/Vert-et-Blanc-Yoga-Sante-Mentale-169-Video-2.mp4\" autoplay=\"\" controls=\"\" controlsList=\"nodownload\"><\/video>\n\t\t\t\t<\/div>\n\t\t\t\t\t\t<\/div>\n\t\t\t\t<\/div>\n\t\t\t\t\t<\/div>\n\t\t\t\t<\/div>\n\t\t<div class=\"elementor-element elementor-element-daf5a2d e-flex e-con-boxed e-con e-parent\" data-id=\"daf5a2d\" data-element_type=\"container\">\n\t\t\t\t\t<div class=\"e-con-inner\">\n\t\t\t\t<div class=\"elementor-element elementor-element-22a03f9 elementor-widget elementor-widget-heading\" data-id=\"22a03f9\" data-element_type=\"widget\" data-widget_type=\"heading.default\">\n\t\t\t\t<div class=\"elementor-widget-container\">\n\t\t\t\t\t<h2 class=\"elementor-heading-title elementor-size-default\">Devenir entreprise partenaire<\/h2>\t\t\t\t<\/div>\n\t\t\t\t<\/div>\n\t\t\t\t\t<\/div>\n\t\t\t\t<\/div>\n\t\t<div class=\"elementor-element elementor-element-d5bf9f9 e-flex e-con-boxed e-con e-parent\" data-id=\"d5bf9f9\" data-element_type=\"container\">\n\t\t\t\t\t<div class=\"e-con-inner\">\n\t\t\t\t<div class=\"elementor-element elementor-element-4a93c2f elementor-widget elementor-widget-text-editor\" data-id=\"4a93c2f\" data-element_type=\"widget\" data-widget_type=\"text-editor.default\">\n\t\t\t\t<div class=\"elementor-widget-container\">\n\t\t\t\t\t\t\t\t\t<p><strong>Pourquoi devenir entreprise partenaire de l&#8217;Association de Sauvegarde des Monts du Cantal ?<\/strong><\/p><p>Si l\u2019association peut \u00eatre acteur des projets de d\u00e9veloppement du territoire Pierrefortais en assurant sa pr\u00e9servation, c\u2019est gr\u00e2ce au soutien de ses entreprises partenaires.<\/p><p>S\u2019engager aupr\u00e8s de l&#8217;Association de Sauvegarde des Monts du Cantal c\u2019est :<\/p><p>&#8211; s\u2019engager pour assurer le d\u00e9veloppement et la promotion du territoire, conform\u00e9ment au respect de l&#8217;Environnement<\/p><p>&#8211; impliquer votre entreprise dans une d\u00e9marche citoyenne active aux r\u00e9sultats reconnus,<\/p><p>&#8211; donner \u00e0 vos collaborateurs l\u2019occasion de fonctionner et de s\u2019engager dans des contextes diff\u00e9rents<\/p><p>\u00a0<\/p><p><strong>Comment une entreprise peut-elle s\u2019engager aupr\u00e8s de l&#8217;Association de Sauvegarde des Monts du Cantal ?<\/strong><\/p><p>Plusieurs modalit\u00e9s d\u2019engagement existent pour les entreprises qui souhaitent soutenir le projet.<\/p><p>\u00a0<\/p><p><strong>Engagement financier : Les dons en num\u00e9raire (ou m\u00e9c\u00e9nat financier)<\/strong><\/p><p>Les entreprises peuvent contribuer financi\u00e8rement au projet en faisant un don \u00e0 l&#8217;Association de Sauvegarde des Monts du Cantal pour permettre l&#8217;accompagnement de projets, la r\u00e9alisation d&#8217;\u00e9v\u00e8nements de promotion des richesses du territoire, l\u2019achat de mat\u00e9riel pour les interventions, mais aussi la cr\u00e9ation et l\u2019am\u00e9lioration continue de nos supports de communication, de nos programmes.<\/p><p>L&#8217;Association de Sauvegarde des Monts du Cantal \u00e9tant reconnue \u00a0d&#8217;int\u00e9r\u00eat g\u00e9n\u00e9ral \u00a0depuis F\u00e9vrier 2025, ces dons b\u00e9n\u00e9ficient d\u2019une exon\u00e9ration fiscale de 60 %.<\/p><p>\u00a0<\/p><p><strong>Engagement en nature :<\/strong> L<strong>es dons en nature<\/strong><\/p><p>Des dons en nature peuvent \u00eatre effectu\u00e9s au profit de l&#8217;Association de Sauvegarde des Monts du Cantal, afin de contribuer aux activit\u00e9s de celles-ci. Ce geste altruiste r\u00e9alis\u00e9 de mani\u00e8re totalement d\u00e9sint\u00e9ress\u00e9e, sans contrepartie, donne droit \u00e0 une r\u00e9duction d\u2019imp\u00f4t au b\u00e9n\u00e9fice du donateur. Il sera alors n\u00e9cessaire d\u2019\u00e9valuer la valeur du don pour d\u00e9terminer le montant de la r\u00e9duction. Plus concr\u00e8tement, les dons en nature peuvent \u00eatre : &#8211; des biens mat\u00e9riels de n\u2019importe quelle nature tels que des \u00e9quipements n\u00e9cessaires \u00e0 l\u2019exercice de son activit\u00e9 (chaises, bureaux, mat\u00e9riel informatique, pr\u00eat v\u00e9hicule, \u2026) &#8211; des denr\u00e9es alimentaires &#8211; pr\u00eat d\u2019un local pour exercer son activit\u00e9 &#8211; r\u00e9alisation d\u2019une prestation de service \u00e0 titre gratuit<\/p><p>\u00a0<\/p><p><strong>Engagement des collaborateurs : Le m\u00e9c\u00e9nat de comp\u00e9tences long<\/strong><\/p><p>L\u2019Association de Sauvegarde des Monts du Cantal accueille des salari\u00e9s d\u00e9tach\u00e9s en m\u00e9c\u00e9nat de comp\u00e9tences. Ils assurent des missions ou occupent des postes cl\u00e9s au sein de l\u2019association. Nos m\u00e9c\u00e8nes agissent principalement sur le territoire Pierrefortais. Des d\u00e9placements \u00e0 l\u2019\u00e9chelle nationale peuvent ponctuellement \u00eatre envisag\u00e9s.<\/p><p>Il offre l\u2019opportunit\u00e9 \u00e0 l\u2019entreprise de mettre \u00e0 disposition de l\u2019association des collaborateurs, majoritairement en fin de carri\u00e8re. Ceux-ci assurent alors un poste cl\u00e9 au sein de l\u2019association pour deux \u00e0 trois ans.<\/p><p>Les missions propos\u00e9es sont riches, exigeantes et adapt\u00e9es selon les profils et les envies. L\u2019association garantit un accompagnement dans cette d\u00e9marche. Gr\u00e2ce au m\u00e9c\u00e9nat de comp\u00e9tences, vous apportez \u00e0 l\u2019association un soutien concret en ressources humaines et en savoir-faire indispensables \u00e0 notre d\u00e9veloppement.<\/p><p>\u00a0<\/p><p><strong>Ce dispositif ouvre le droit \u00e0 des avantages fiscaux : d\u00e9duction de 60 % des salaires et charges des salari\u00e9s concern\u00e9s au prorata de leur temps de travail (Art. 238 bis CCI).<\/strong><\/p><p><strong><em>Pour plus d&#8217;informations, contactez-nous!<\/em><\/strong><\/p>\t\t\t\t\t\t\t\t<\/div>\n\t\t\t\t<\/div>\n\t\t\t\t\t<\/div>\n\t\t\t\t<\/div>\n\t\t\t\t<\/div>\n\t\t","protected":false},"excerpt":{"rendered":"<p>https:\/\/sauvegardemontsducantal.fr\/wp-content\/uploads\/2025\/04\/Vert-et-Blanc-Yoga-Sante-Mentale-169-Video-2.mp4 Devenir entreprise partenaire Pourquoi devenir entreprise partenaire de l&#8217;Association de Sauvegarde des Monts du Cantal ? Si l\u2019association peut \u00eatre acteur des projets de d\u00e9veloppement du territoire Pierrefortais en assurant sa pr\u00e9servation, c\u2019est gr\u00e2ce au soutien de ses entreprises partenaires. S\u2019engager aupr\u00e8s de l&#8217;Association de Sauvegarde des Monts du Cantal c\u2019est : &#8211; s\u2019engager&#8230;<\/p>\n","protected":false},"author":1,"featured_media":0,"parent":0,"menu_order":0,"comment_status":"closed","ping_status":"closed","template":"","meta":{"give_campaign_id":0,"_kad_post_transparent":"","_kad_post_title":"hide","_kad_post_layout":"fullwidth","_kad_post_sidebar_id":"","_kad_post_content_style":"unboxed","_kad_post_vertical_padding":"hide","_kad_post_feature":"hide","_kad_post_feature_position":"","_kad_post_header":false,"_kad_post_footer":false,"footnotes":""},"class_list":["post-27","page","type-page","status-publish","hentry"],"campaignId":"","_links":{"self":[{"href":"https:\/\/sauvegardemontsducantal.fr\/index.php?rest_route=\/wp\/v2\/pages\/27","targetHints":{"allow":["GET"]}}],"collection":[{"href":"https:\/\/sauvegardemontsducantal.fr\/index.php?rest_route=\/wp\/v2\/pages"}],"about":[{"href":"https:\/\/sauvegardemontsducantal.fr\/index.php?rest_route=\/wp\/v2\/types\/page"}],"author":[{"embeddable":true,"href":"https:\/\/sauvegardemontsducantal.fr\/index.php?rest_route=\/wp\/v2\/users\/1"}],"replies":[{"embeddable":true,"href":"https:\/\/sauvegardemontsducantal.fr\/index.php?rest_route=%2Fwp%2Fv2%2Fcomments&post=27"}],"version-history":[{"count":26,"href":"https:\/\/sauvegardemontsducantal.fr\/index.php?rest_route=\/wp\/v2\/pages\/27\/revisions"}],"predecessor-version":[{"id":569,"href":"https:\/\/sauvegardemontsducantal.fr\/index.php?rest_route=\/wp\/v2\/pages\/27\/revisions\/569"}],"wp:attachment":[{"href":"https:\/\/sauvegardemontsducantal.fr\/index.php?rest_route=%2Fwp%2Fv2%2Fmedia&parent=27"}],"curies":[{"name":"wp","href":"https:\/\/api.w.org\/{rel}","templated":true}]}}

<div data-elementor-type="wp-page" data-elementor-id="27" class="elementor elementor-27">
				<div class="elementor-element elementor-element-9139b0e e-flex e-con-boxed e-con e-parent" data-id="9139b0e" data-element_type="container">
					<div class="e-con-inner">
				<div class="elementor-element elementor-element-6421a44 elementor-widget elementor-widget-video" data-id="6421a44" data-element_type="widget" data-settings="{&quot;video_type&quot;:&quot;hosted&quot;,&quot;autoplay&quot;:&quot;yes&quot;,&quot;controls&quot;:&quot;yes&quot;}" data-widget_type="video.default">
				<div class="elementor-widget-container">
							<div class="e-hosted-video elementor-wrapper elementor-open-inline">
					<video class="elementor-video" src="https://sauvegardemontsducantal.fr/wp-content/uploads/2025/04/Vert-et-Blanc-Yoga-Sante-Mentale-169-Video-2.mp4" autoplay="" controls="" controlsList="nodownload"></video>
				</div>
						</div>
				</div>
					</div>
				</div>
		<div class="elementor-element elementor-element-daf5a2d e-flex e-con-boxed e-con e-parent" data-id="daf5a2d" data-element_type="container">
					<div class="e-con-inner">
				<div class="elementor-element elementor-element-22a03f9 elementor-widget elementor-widget-heading" data-id="22a03f9" data-element_type="widget" data-widget_type="heading.default">
				<div class="elementor-widget-container">
					<h2 class="elementor-heading-title elementor-size-default">Devenir entreprise partenaire</h2>				</div>
				</div>
					</div>
				</div>
		<div class="elementor-element elementor-element-d5bf9f9 e-flex e-con-boxed e-con e-parent" data-id="d5bf9f9" data-element_type="container">
					<div class="e-con-inner">
				<div class="elementor-element elementor-element-4a93c2f elementor-widget elementor-widget-text-editor" data-id="4a93c2f" data-element_type="widget" data-widget_type="text-editor.default">
				<div class="elementor-widget-container">
									<p><strong>Pourquoi devenir entreprise partenaire de l&#8217;Association de Sauvegarde des Monts du Cantal ?</strong></p><p>Si l’association peut être acteur des projets de développement du territoire Pierrefortais en assurant sa préservation, c’est grâce au soutien de ses entreprises partenaires.</p><p>S’engager auprès de l&#8217;Association de Sauvegarde des Monts du Cantal c’est :</p><p>&#8211; s’engager pour assurer le développement et la promotion du territoire, conformément au respect de l&#8217;Environnement</p><p>&#8211; impliquer votre entreprise dans une démarche citoyenne active aux résultats reconnus,</p><p>&#8211; donner à vos collaborateurs l’occasion de fonctionner et de s’engager dans des contextes différents</p><p> </p><p><strong>Comment une entreprise peut-elle s’engager auprès de l&#8217;Association de Sauvegarde des Monts du Cantal ?</strong></p><p>Plusieurs modalités d’engagement existent pour les entreprises qui souhaitent soutenir le projet.</p><p> </p><p><strong>Engagement financier : Les dons en numéraire (ou mécénat financier)</strong></p><p>Les entreprises peuvent contribuer financièrement au projet en faisant un don à l&#8217;Association de Sauvegarde des Monts du Cantal pour permettre l&#8217;accompagnement de projets, la réalisation d&#8217;évènements de promotion des richesses du territoire, l’achat de matériel pour les interventions, mais aussi la création et l’amélioration continue de nos supports de communication, de nos programmes.</p><p>L&#8217;Association de Sauvegarde des Monts du Cantal étant reconnue  d&#8217;intérêt général  depuis Février 2025, ces dons bénéficient d’une exonération fiscale de 60 %.</p><p> </p><p><strong>Engagement en nature :</strong> L<strong>es dons en nature</strong></p><p>Des dons en nature peuvent être effectués au profit de l&#8217;Association de Sauvegarde des Monts du Cantal, afin de contribuer aux activités de celles-ci. Ce geste altruiste réalisé de manière totalement désintéressée, sans contrepartie, donne droit à une réduction d’impôt au bénéfice du donateur. Il sera alors nécessaire d’évaluer la valeur du don pour déterminer le montant de la réduction. Plus concrètement, les dons en nature peuvent être : &#8211; des biens matériels de n’importe quelle nature tels que des équipements nécessaires à l’exercice de son activité (chaises, bureaux, matériel informatique, prêt véhicule, …) &#8211; des denrées alimentaires &#8211; prêt d’un local pour exercer son activité &#8211; réalisation d’une prestation de service à titre gratuit</p><p> </p><p><strong>Engagement des collaborateurs : Le mécénat de compétences long</strong></p><p>L’Association de Sauvegarde des Monts du Cantal accueille des salariés détachés en mécénat de compétences. Ils assurent des missions ou occupent des postes clés au sein de l’association. Nos mécènes agissent principalement sur le territoire Pierrefortais. Des déplacements à l’échelle nationale peuvent ponctuellement être envisagés.</p><p>Il offre l’opportunité à l’entreprise de mettre à disposition de l’association des collaborateurs, majoritairement en fin de carrière. Ceux-ci assurent alors un poste clé au sein de l’association pour deux à trois ans.</p><p>Les missions proposées sont riches, exigeantes et adaptées selon les profils et les envies. L’association garantit un accompagnement dans cette démarche. Grâce au mécénat de compétences, vous apportez à l’association un soutien concret en ressources humaines et en savoir-faire indispensables à notre développement.</p><p> </p><p><strong>Ce dispositif ouvre le droit à des avantages fiscaux : déduction de 60 % des salaires et charges des salariés concernés au prorata de leur temps de travail (Art. 238 bis CCI).</strong></p><p><strong><em>Pour plus d&#8217;informations, contactez-nous!</em></strong></p>								</div>
				</div>
					</div>
				</div>
				</div>

<p>https://sauvegardemontsducantal.fr/wp-content/uploads/2025/04/Vert-et-Blanc-Yoga-Sante-Mentale-169-Video-2.mp4 Devenir entreprise partenaire Pourquoi devenir entreprise partenaire de l&#8217;Association de Sauvegarde des Monts du Cantal ? Si l’association peut être acteur des projets de développement du territoire Pierrefortais en assurant sa préservation, c’est grâce au soutien de ses entreprises partenaires. S’engager auprès de l&#8217;Association de Sauvegarde des Monts du Cantal c’est : &#8211; s’engager&#8230;</p>
