{"id":11,"date":"2025-04-08T10:41:43","date_gmt":"2025-04-08T08:41:43","guid":{"rendered":"https:\/\/sauvegardemontsducantal.fr\/?page_id=11"},"modified":"2025-05-14T10:59:00","modified_gmt":"2025-05-14T08:59:00","slug":"notre-mission","status":"publish","type":"page","link":"https:\/\/sauvegardemontsducantal.fr\/?page_id=11","title":{"rendered":"Notre mission"},"content":{"rendered":"\t\t<div data-elementor-type=\"wp-page\" data-elementor-id=\"11\" class=\"elementor elementor-11\">\n\t\t\t\t<div class=\"elementor-element elementor-element-e3f57de e-flex e-con-boxed e-con e-parent\" data-id=\"e3f57de\" data-element_type=\"container\">\n\t\t\t\t\t<div class=\"e-con-inner\">\n\t\t\t\t<div class=\"elementor-element elementor-element-66e1491 elementor-widget elementor-widget-image\" data-id=\"66e1491\" data-element_type=\"widget\" data-widget_type=\"image.default\">\n\t\t\t\t<div class=\"elementor-widget-container\">\n\t\t\t\t\t\t\t\t\t\t\t\t\t\t\t<img fetchpriority=\"high\" decoding=\"async\" width=\"1536\" height=\"768\" src=\"https:\/\/sauvegardemontsducantal.fr\/wp-content\/uploads\/2025\/05\/Blue-Simple-Photo-Business-Agency-Banner-6-1536x768.jpg\" class=\"attachment-1536x1536 size-1536x1536 wp-image-516\" alt=\"\" srcset=\"https:\/\/sauvegardemontsducantal.fr\/wp-content\/uploads\/2025\/05\/Blue-Simple-Photo-Business-Agency-Banner-6-1536x768.jpg 1536w, https:\/\/sauvegardemontsducantal.fr\/wp-content\/uploads\/2025\/05\/Blue-Simple-Photo-Business-Agency-Banner-6-300x150.jpg 300w, https:\/\/sauvegardemontsducantal.fr\/wp-content\/uploads\/2025\/05\/Blue-Simple-Photo-Business-Agency-Banner-6-1024x512.jpg 1024w, https:\/\/sauvegardemontsducantal.fr\/wp-content\/uploads\/2025\/05\/Blue-Simple-Photo-Business-Agency-Banner-6-768x384.jpg 768w, https:\/\/sauvegardemontsducantal.fr\/wp-content\/uploads\/2025\/05\/Blue-Simple-Photo-Business-Agency-Banner-6-2048x1024.jpg 2048w\" sizes=\"(max-width: 1536px) 100vw, 1536px\" \/>\t\t\t\t\t\t\t\t\t\t\t\t\t\t\t<\/div>\n\t\t\t\t<\/div>\n\t\t\t\t\t<\/div>\n\t\t\t\t<\/div>\n\t\t<div class=\"elementor-element elementor-element-2271586 e-flex e-con-boxed e-con e-parent\" data-id=\"2271586\" data-element_type=\"container\">\n\t\t\t\t\t<div class=\"e-con-inner\">\n\t\t\t\t<div class=\"elementor-element elementor-element-804e7a7 elementor-widget elementor-widget-heading\" data-id=\"804e7a7\" data-element_type=\"widget\" data-widget_type=\"heading.default\">\n\t\t\t\t<div class=\"elementor-widget-container\">\n\t\t\t\t\t<h2 class=\"elementor-heading-title elementor-size-default\">Notre mission <\/h2>\t\t\t\t<\/div>\n\t\t\t\t<\/div>\n\t\t\t\t\t<\/div>\n\t\t\t\t<\/div>\n\t\t<div class=\"elementor-element elementor-element-e2e8e68 e-grid e-con-boxed e-con e-parent\" data-id=\"e2e8e68\" data-element_type=\"container\">\n\t\t\t\t\t<div class=\"e-con-inner\">\n\t\t\t\t<div class=\"elementor-element elementor-element-987f388 elementor-widget elementor-widget-text-editor\" data-id=\"987f388\" data-element_type=\"widget\" data-widget_type=\"text-editor.default\">\n\t\t\t\t<div class=\"elementor-widget-container\">\n\t\t\t\t\t\t\t\t\t<div><div class=\"x_gmail_signature\" data-smartmail=\"gmail_signature\"><div><div data-olk-copy-source=\"MessageBody\">L&#8217; Association de Sauvegarde des Monts du Cantal poursuit un but d&#8217;int\u00e9r\u00eat g\u00e9n\u00e9ral qu&#8217;est l&#8217;Environnement; sa mission est de pr\u00e9server et prot\u00e9ger les espaces naturels des Monts du Cantal. Elle intervient sur le territoire du Pierrefortais, situ\u00e9 dans la partie m\u00e9ridionale du Cantal, entre le Plomb du Cantal et la Vall\u00e9e de la Truy\u00e8re.<\/div><div data-olk-copy-source=\"MessageBody\">\u00a0<\/div><\/div><\/div><\/div><div><div class=\"x_gmail_signature\" data-smartmail=\"gmail_signature\"><div><div>L&#8217; Association de Sauvegarde des Monts du Cantal a \u00e9t\u00e9 cr\u00e9\u00e9e en 2018 en ayant pour objet de s&#8217;opposer \u00e0 l&#8217;implantation d&#8217;\u00e9oliennes qui auraient port\u00e9 atteinte aux \u00a0paysages, aux \u00e9quilibres biologiques et \u00e9galement \u00e0 la sant\u00e9 et \u00e0 la qualit\u00e9 de vie de ses habitants.<\/div><div>\u00a0<\/div><\/div><\/div><\/div><div><div class=\"x_gmail_signature\" data-smartmail=\"gmail_signature\"><div><div>En 2023, l&#8217;Association a \u00e9volu\u00e9 pour devenir force de proposition afin de promouvoir et de d\u00e9velopper ce territoire, tout en maintenant sa pr\u00e9servation et en oeuvrant \u00e0 son attractivit\u00e9.<\/div><div>\u00a0<\/div><\/div><\/div><\/div><div><div class=\"x_gmail_signature\" data-smartmail=\"gmail_signature\"><div><div>Soutenue par des universitaires, experts et animateurs, l&#8217;Association sensibilise le public, en mettant en visibilit\u00e9 ses richesses naturelles (volcanisme, astronomie , la flore et la faune) ainsi que son patrimoine vernaculaire et culturel.<\/div><\/div><\/div><\/div><div><div class=\"x_gmail_signature\" data-smartmail=\"gmail_signature\"><div><div>Elle fait la promotion des activit\u00e9s et des productions qui font partie int\u00e9grante du tissu \u00e9conomique local.<\/div><div>\u00a0<\/div><\/div><\/div><\/div><div><div class=\"x_gmail_signature\" data-smartmail=\"gmail_signature\"><div><div>C&#8217;est dans une dynamique toujours positive, que l&#8217;Association de Sauvegarde des Monts du Cantal sait cr\u00e9er des synergies et partenariats pour le d\u00e9veloppement du territoire Pierrefortais.<\/div><\/div><\/div><\/div>\t\t\t\t\t\t\t\t<\/div>\n\t\t\t\t<\/div>\n\t\t\t\t<div class=\"elementor-element elementor-element-0b11b19 elementor-widget elementor-widget-image\" data-id=\"0b11b19\" data-element_type=\"widget\" data-widget_type=\"image.default\">\n\t\t\t\t<div class=\"elementor-widget-container\">\n\t\t\t\t\t\t\t\t\t\t\t\t\t\t\t<img decoding=\"async\" width=\"525\" height=\"295\" src=\"https:\/\/sauvegardemontsducantal.fr\/wp-content\/uploads\/2025\/04\/cropped-UTF-8Logo-New.png\" class=\"attachment-large size-large wp-image-94\" alt=\"\" srcset=\"https:\/\/sauvegardemontsducantal.fr\/wp-content\/uploads\/2025\/04\/cropped-UTF-8Logo-New.png 525w, https:\/\/sauvegardemontsducantal.fr\/wp-content\/uploads\/2025\/04\/cropped-UTF-8Logo-New-300x169.png 300w\" sizes=\"(max-width: 525px) 100vw, 525px\" \/>\t\t\t\t\t\t\t\t\t\t\t\t\t\t\t<\/div>\n\t\t\t\t<\/div>\n\t\t\t\t\t<\/div>\n\t\t\t\t<\/div>\n\t\t\t\t<\/div>\n\t\t","protected":false},"excerpt":{"rendered":"<p>Notre mission L&#8217; Association de Sauvegarde des Monts du Cantal poursuit un but d&#8217;int\u00e9r\u00eat g\u00e9n\u00e9ral qu&#8217;est l&#8217;Environnement; sa mission est de pr\u00e9server et prot\u00e9ger les espaces naturels des Monts du Cantal. Elle intervient sur le territoire du Pierrefortais, situ\u00e9 dans la partie m\u00e9ridionale du Cantal, entre le Plomb du Cantal et la Vall\u00e9e de la&#8230;<\/p>\n","protected":false},"author":1,"featured_media":0,"parent":0,"menu_order":0,"comment_status":"closed","ping_status":"closed","template":"","meta":{"give_campaign_id":0,"_kad_post_transparent":"","_kad_post_title":"hide","_kad_post_layout":"fullwidth","_kad_post_sidebar_id":"","_kad_post_content_style":"unboxed","_kad_post_vertical_padding":"hide","_kad_post_feature":"hide","_kad_post_feature_position":"","_kad_post_header":false,"_kad_post_footer":false,"footnotes":""},"class_list":["post-11","page","type-page","status-publish","hentry"],"campaignId":"","_links":{"self":[{"href":"https:\/\/sauvegardemontsducantal.fr\/index.php?rest_route=\/wp\/v2\/pages\/11","targetHints":{"allow":["GET"]}}],"collection":[{"href":"https:\/\/sauvegardemontsducantal.fr\/index.php?rest_route=\/wp\/v2\/pages"}],"about":[{"href":"https:\/\/sauvegardemontsducantal.fr\/index.php?rest_route=\/wp\/v2\/types\/page"}],"author":[{"embeddable":true,"href":"https:\/\/sauvegardemontsducantal.fr\/index.php?rest_route=\/wp\/v2\/users\/1"}],"replies":[{"embeddable":true,"href":"https:\/\/sauvegardemontsducantal.fr\/index.php?rest_route=%2Fwp%2Fv2%2Fcomments&post=11"}],"version-history":[{"count":19,"href":"https:\/\/sauvegardemontsducantal.fr\/index.php?rest_route=\/wp\/v2\/pages\/11\/revisions"}],"predecessor-version":[{"id":556,"href":"https:\/\/sauvegardemontsducantal.fr\/index.php?rest_route=\/wp\/v2\/pages\/11\/revisions\/556"}],"wp:attachment":[{"href":"https:\/\/sauvegardemontsducantal.fr\/index.php?rest_route=%2Fwp%2Fv2%2Fmedia&parent=11"}],"curies":[{"name":"wp","href":"https:\/\/api.w.org\/{rel}","templated":true}]}}